459. What is the units digit of t?
2
Let a(d) = -7*d + 20*d - 12*d + 218*d**2 - 4*d + 2. What is the tens digit of a(-1)?
2
Suppose 11*i = -2*i + 26. Suppose -4*m - 16 = 0, 4*h = i*h - 2*m + 1450. Suppose 0*p + 4*p = 5*b + h, -3*b = -4*p + 727. What is the tens digit of p?
8
What is the ten thousands digit of 21610 + (189 - 194 - 6*(0 - 1))?
2
Suppose -2*f + 31*k - 26*k + 1728 = 0, -4*f - 5*k + 3396 = 0. Let q = f + -485. What is the units digit of q?
9
Let c be (17/(408/16))/((-1)/(-6)). Let g(f) = 182*f - 39. What is the units digit of g(c)?
9
Let i be (2296/16)/(2/4). Let g = 491 - i. What is the tens digit of g?
0
Let x = 2205 + 363. What is the thousands digit of x?
2
Suppose 309*d + 72 = 318*d. Let z(l) = 194*l - 217. What is the units digit of z(d)?
5
Let d = -222 + 85. Let u = 311 + d. What is the hundreds digit of u?
1
Suppose -4*g - 2 + 38 = 0. Suppose -34 = -g*x + 8*x. Suppose -x - 3 = -h. What is the units digit of h?
7
Suppose -i + 15 + 66 = -l, 2*i = 3*l + 165. What is the units digit of (6/(-5))/(i/(-52780))?
2
Let t(w) = -w**2 - 104*w + 6 - 30 + 126*w. Let u(o) = 11*o**2 + 2*o - 1. Let s be u(1). What is the tens digit of t(s)?
9
Let c = -4140 + 22657. What is the hundreds digit of c?
5
Suppose 3*r + 129395 = -10*r + 595575. What is the hundreds digit of r?
8
Let s(g) = g**3 - 15*g**2 - 36*g + 17. Let j be s(16). Let t = j + 968. What is the tens digit of t?
6
What is the tens digit of 522/(-1218) - (-44138)/7?
0
Let s(p) = 2337*p**2 - 27*p + 26. Let o be s(1). Suppose -2*t + o = 762. What is the tens digit of t?
8
Suppose -38 = -3*z - 1055. Let b = z - -1010. What is the units digit of b?
1
Let q(l) = l**2 + 11*l - 7. Let w be q(-12). Let m be -3 - (485/w + 0). Let c = 184 + m. What is the tens digit of c?
8
Let f = -70826 - -100554. What is the hundreds digit of f?
7
Let l = -4766 - -17291. What is the thousands digit of l?
2
What is the tens digit of 3215 + (4 - (2 - -2*(-5)/(-10)))?
1
Let r(s) = -8*s**3 - 3*s**2 - 18*s - 2. Let b be r(5). Let z = -658 - b. What is the units digit of z?
9
Suppose -5*q = -0*q - 185. Suppose 5*k - 28 = 4*b + 164, 116 = 3*k - 2*b. Suppose q*w - 33*w = k. What is the units digit of w?
0
Let s = -340 - -899. Let w = s - 129. What is the tens digit of w?
3
Let q be (27 - 3) + 2 + -6. Suppose -9*r + 30276 = q*r. What is the thousands digit of r?
1
Let y = -39 + 41. Let w be (-72 + y)*2/(-4). Let n = w - 14. What is the tens digit of n?
2
Let x = 368 - 381. What is the hundreds digit of -4 - ((-3)/(-6))/(x/23218)?
8
Let y(p) = -872*p + 74. What is the units digit of y(-7)?
8
Suppose -1023 - 489 = -14*y. Let d = -106 + y. Suppose -d*b + 64 = -102. What is the units digit of b?
3
Suppose 0*r = 3*c + 5*r - 195, -5*c - 4*r = -312. Let a = c + 51. Suppose -2*s + 103 = -a. What is the units digit of s?
7
Let w be (-1)/4 + 9/(-12). Let n be w/(-4)*1 - (-23)/4. Suppose -d = -n*d + 585. What is the units digit of d?
7
Suppose 2*f + 4*o = -f - 12, -5*o = -3*f - 12. Let q be (f - 23/(-5))*5. Suppose 2*n + 4*u - 5 = q, -3*n + 4*u = -32. What is the units digit of n?
8
Let h = -1822 + 4190. What is the thousands digit of h?
2
Let j(g) = -104*g - 69. Suppose -5*f - m = 17, -4*f + 4*m - 39 = -11. What is the units digit of j(f)?
7
Let c = -21963 + 39803. What is the units digit of c?
0
Let l = -47149 - -66345. What is the units digit of l?
6
Suppose 5*a - 5 = y - 3, 4*y + 8 = 0. Suppose -h + 518 + 554 = 5*x, -2*x + 5*h + 445 = a. What is the units digit of x?
5
Let b(p) = -p**3 + 5*p**2 - 7*p. Suppose -7 = -4*d - q, -2*d - d = -2*q - 19. Let y be b(d). Let m(w) = -w**3 + 5*w**2 - 1. What is the units digit of m(y)?
1
Let k be (48/56)/((-4)/(-14)). Suppose 0 = -5*a + p + 8515, -3414 = -2*a - k*p - 25. What is the thousands digit of a?
1
Suppose 5*p = -c + 5970, 3*c + 6353 = 6*p - 832. What is the hundreds digit of p?
1
Suppose -56*c = -54*c - 6. Suppose 0 = c*x - 9, x - 11 = -2*g + 22. Suppose -2*f + 2*r - 7*r + 28 = 0, -3*r = f - g. What is the units digit of f?
9
Let z(m) = -165 + 140 - 4*m - m. Let t be z(5). Let i = t + 52. What is the units digit of i?
2
Let k(m) = 14*m**2 + 66*m - 29. Let n = -863 - -852. What is the hundreds digit of k(n)?
9
Suppose 2*i + i = 4*x + 39, 5*x = -15. Suppose -i*r + 1222 = -137. What is the tens digit of r?
5
Suppose 4*v - 24 = -3*g - 5, 0 = -4*g + 4. Suppose -5*p = -v*p - 12. What is the tens digit of ((-186)/p - 1)/(2/(-12))?
9
Suppose 76*t = -6*t - 91*t + 2377885. What is the hundreds digit of t?
7
Suppose -3*l - 5*h - 31 = 4, 0 = -l - 5*h + 5. Let x = l - -17. What is the units digit of 2 + x/(9/(-129))?
5
Suppose -2*l + 36 - 14 = 0. Let g = l - 16. Let v = g - -155. What is the units digit of v?
0
Let w(x) = -95*x + 6. Let m = 69 - 64. Suppose -4*d - 3 = -2*b - 1, -m = 3*d + 2*b. What is the tens digit of w(d)?
0
Let o(k) = -4*k**2 + 51*k + 199. Let w be o(16). Suppose -474 = -4*t + u, 3*t - 464 = -t - 4*u. What is the tens digit of (t/3)/(6 - (-48)/w)?
5
Suppose 4741 = 5*l + 2*f, 0 = 3*l - 207*f + 212*f - 2818. What is the tens digit of l?
5
Suppose -2*o = -3*k + 2*o + 48, 2*o = 5*k - 66. Suppose -4*g = 5*a - 358, 6*g = 2*g - k. Suppose a + 32 = b. What is the tens digit of b?
0
Let i = 2140 - 576. Suppose 6*m - i = 1040. What is the tens digit of m?
3
Let k be 2 + (-3)/(-1)*70/42. Suppose 9*u + k*u - 4944 = 0. What is the units digit of u?
9
Let y(u) be the third derivative of u**6/120 + 7*u**5/30 - 7*u**4/24 - 5*u**3/3 - u**2 + 18*u. What is the hundreds digit of y(-10)?
4
Let t = 70 - 61. Suppose 0*j + t*j = 3123. Suppose 7*z - 2*z - 307 = -2*x, 0 = -2*x + 3*z + j. What is the hundreds digit of x?
1
Suppose 174*h - 118*h - 1328320 = 0. What is the tens digit of h?
2
Let l(y) = 76 - 14*y + 14*y**2 - 128 + 73 - y**3. What is the tens digit of l(9)?
0
Let q(l) = l**2 - 9*l + 17. Suppose 2*o - 35 = -3*o. Let t be q(o). What is the units digit of 9/(-27) + 427/t?
2
Suppose 6*j = 8*j + 1884. Let p = 1332 + j. What is the tens digit of p?
9
Suppose -163*f + 5*m - 8099 = -167*f, f = 2*m + 2041. What is the tens digit of f?
3
What is the ten thousands digit of (-311616)/(-10) - (57/45 - (-56)/(-84))?
3
Suppose 5*g - 5 = 5*l - 0*l, -5*g = 4*l - 14. What is the units digit of (112 + 0 + l)/1?
3
Let w(t) = 164*t**2 - 3*t + 1. Let p(x) = -x**2 - 3*x + 19. Let j be p(-6). What is the units digit of w(j)?
2
Suppose -6*g = -z - 9*g + 1505, -4*g = -z + 1505. Suppose 3123 = 4*n - z. What is the thousands digit of n?
1
Let h be (1 - 3)*(-1 + 0). Suppose 3 = -k - 3*p, -2*k - 3*p - 3 = 3*k. Suppose i - h*i + 190 = q, k = 2*q. What is the tens digit of i?
9
What is the units digit of 6/10 + 29 + (-3597)/(-5)?
9
Let w = 5087 - 3519. Suppose 0 = -20*y + 12*y + w. What is the units digit of y?
6
Let j be 118/(1 - 20/24). Suppose 0 = -f - f + j. What is the units digit of f?
4
Suppose 0*v = -2*v + a + 6701, 2*a = v - 3349. Suppose 5*t + l - v = 0, -3*t - l - l = -2012. What is the tens digit of t?
7
Suppose -33*z + 4422 = 3*a - 41*z, -3*z = -5*a + 7432. What is the units digit of a?
0
Let c = -15801 - -56962. What is the thousands digit of c?
1
Let k = -8495 + 12417. What is the hundreds digit of k?
9
Let i(k) = 2*k**2 + 5279*k - 33 - 5279*k. What is the tens digit of i(16)?
7
Suppose 0 = 2*d - 4*d + 5*t + 61, -2*d + 53 = 3*t. Let l = 426 - 426. Suppose l = 19*y - 18*y - d. What is the tens digit of y?
2
Let b be (-2 - -5)*5/15. Suppose t - 11 = b. Suppose -n - 5 = 0, 0*z + z - n = t. What is the units digit of z?
7
Let o = -220 - -196. What is the units digit of o/((-7)/((-364)/(-8)))?
6
Suppose 0 = 5*d - 8*d + 27. Let n be 6/27*-87*d/(-6). What is the units digit of n*(-1 - -2) + -5?
4
Suppose -58931 = -5*g + 3*s, -3*g + 195*s + 35358 = 193*s. What is the thousands digit of g?
1
What is the hundreds digit of (-9)/90*-5 - (-2 + (-289655)/10)?
9
Suppose -5*r + 32*r - 106400 = 42937. What is the units digit of r?
1
Suppose 0 = 5*t - 2*d + 2 + 12, d = -2*t - 2. Let x(k) = 11*k**2 - 8*k - 5. What is the tens digit of x(t)?
5
What is the tens digit of 3/(-1) - (-18034059)/481 - (-22)/143?
9
Let g = 3781 - 3779. Suppose -3*s + 3 = -8*s - u, 3*u + 9 = -s. Suppose s = 2*b + 3*a - 355, -6*a = g*b - a - 349. What is the hundreds digit of b?
1
Let q = -343 + 441. Suppose q = -y + 759. What is the unit